 + 47. Let u(p) = -8*p**2 - 2*p - 391*p**3 + 7*p + 9 + 392*p**3. Give u(o).
-5
Let q be (7/2)/(7/14). Let w(u) = u**2 - 10*u + 3. Determine w(q).
-18
Let f(n) = 7*n + 209. Let h(x) = -3*x - 95. Let u(w) = 6*f(w) + 13*h(w). What is u(-11)?
-14
Let y = -116 + 117. Let m(v) be the third derivative of -2*v**6/15 - 4*v**2. Determine m(y).
-16
Suppose 0 = 2*r + r. Let z(v) = -2*v + 5*v + r + 4 + 11*v**2 - 12*v**2. Let f be z(3). Let q(m) = -m**2 + 4*m - 3. Calculate q(f).
-3
Let p(j) = -j**2 - 6*j + 8. Let s be p(-6). Suppose 16 = 4*f + s. Let w be (f - -4) + 3 + -2. Let q(a) = -a**2 + 9*a - 8. Determine q(w).
6
Let l(g) = -g**3 + g**2 + g + 12. Suppose 0*o + 29*o = -57*o. Calculate l(o).
12
Let l(a) = a**3 - a**2 + 4*a - 4. Suppose 24 = 14*j - 12*j + 5*u, 2*u + 2 = 5*j. Calculate l(j).
8
Let q(m) be the first derivative of -m**4/4 - 5*m**3/3 - 5*m**2/2 - 6*m + 136. Determine q(-5).
19
Let l(t) = -2*t - 2*t - 2*t + 8*t + 1. Calculate l(-3).
-5
Let w(v) be the first derivative of -3*v**2/2 - 2*v - 7. Let m(z) = z + 20. Let o be m(-22). What is w(o)?
4
Let d(p) = -p + 12. Let q be d(9). Let m be 3*1/3*q. Let n be 5/15*m*4. Let u(v) = v**2 - 4*v - 3. Determine u(n).
-3
Let h(c) = c - 4. Let t be 2*(266/(-95) + 4/5). Calculate h(t).
-8
Suppose -99 = -38*u + 27*u. Let q(g) = 2*g - 6. Give q(u).
12
Let d(m) be the first derivative of m + 1/20*m**5 + 1/2*m**4 + 0*m**2 + 3 + 0*m**3. Let p(j) be the first derivative of d(j). Give p(-6).
0
Let a be 27/(-6)*4/(-3). Let n(s) be the first derivative of s**4/4 - 7*s**3/3 + 7*s**2/2 - 9*s + 55. Give n(a).
-3
Suppose -r - 33 = -3*d, -33*d + 34*d - 1 = -3*r. Let f(c) = -c**2 + 9*c - 6. Give f(d).
-16
Let u(t) = 2*t + 18. Let f be (8 + -5)/(-3)*-13*1. Give u(f).
44
Suppose 50 = 4*t + 2*q, t = -0*t + 4*q + 8. Suppose 23*j = 21*j + t. Let i(r) = -r**2 + 5*r + 2. Give i(j).
-4
Suppose 20*i + 3*p = 19*i + 8, -p - 45 = -4*i. Let v(n) = -n**2 + 11*n - 5. Determine v(i).
-5
Let z(r) = 6*r**3 + 2*r - 1. Let s be z(1). Let f(p) = 2*p**2 + p - 1. Let m(g) = -11*g**2 - 13*g + 16. Let t(v) = -6*f(v) - m(v). What is t(s)?
-10
Let h = -60 + 103. Let c be 1/4 + h/4. Suppose w = -x - x + c, 3*w = -4*x + 25. Let i(b) = -b + 3. What is i(x)?
-1
Let a(k) = k - 2. Let y(j) be the second derivative of j**5/20 + j**4/3 + 2*j**3/3 + 3*j**2/2 - 5*j. Let r be y(-2). Suppose -r*c = -5*c. What is a(c)?
-2
Let m(t) = -t + 3. Let b = 0 + 8. Let v(k) = -k**2 + 8*k + 1. Let c be v(b). Let x be (3 + -2 + -1)/c. What is m(x)?
3
Let q(k) = -13*k**3 - 7*k**2 + 7*k + 13. Let l(i) be the first derivative of 7*i**4/4 + 4*i**3/3 - 2*i**2 - 7*i - 10. Let b(o) = -11*l(o) - 6*q(o). Give b(1).
0
Suppose -21*x + 15*x = -30. Let j(w) = -3*w + 18. Calculate j(x).
3
Let l(i) be the second derivative of -i**5/20 - 5*i**4/12 + i**3/3 + i**2/2 + 148*i. Determine l(-5).
-9
Let n(t) = 2*t - 16. Let l be n(11). Let d be 80/14 + 18/63. Let h(u) = 2 - 1 + d - u. Calculate h(l).
1
Let v(g) = -g**3 - g + 2. Let m(i) = i**2. Let a = -11 - -9. Let t be m(a). Suppose 5*x = 6 + t. Calculate v(x).
-8
Let z(t) = 19*t - 2. Let y(d) = -10*d + 1. Let m(w) = -11*y(w) - 6*z(w). Let p = -28 - -28. Let x = 3 - p. Calculate m(x).
-11
Suppose -3*d + 4*m = 2*d + 5, -5*d - 5 = 4*m. Let r(p) be the second derivative of 1/2*p**2 + 0 + 2/5*p**5 + 1/12*p**4 + 1/3*p**3 - 6*p. Give r(d).
-8
Let o(m) = -m + 1. Let u(a) = 3*a - 17. Let z be u(7). Suppose 3*n = z*n. What is o(n)?
1
Let p(t) = -13 - 5696*t + 5703*t - 5 - 1. Calculate p(5).
16
Let k(w) = -w - 7. Let j be k(-10). Suppose -1 = -a + 2*s, a - s + 13 = 2*a. Suppose -4*i = 5*c + a, i = j*c - 0 + 19. Let t(r) = -r**2 + 5*r - 4. Give t(i).
0
Let v(g) = 49*g**3 - 6*g - 50*g**3 + 7*g**2 + 0*g - 5 + 13. Determine v(6).
8
Let r(c) = c. Let k(b) = -11*b. Let n(z) = -6*z. Let f(v) = 4*k(v) - 9*n(v). Let u(o) = -f(o) + 5*r(o). Give u(-2).
10
Let c = 264 + -269. Let m(f) = -4*f - 4. What is m(c)?
16
Let f = 655 - 662. Let a(t) = -t**3 - 9*t**2 - 13*t + 11. Give a(f).
4
Let h(b) = b**3 + 10*b**2 + 10*b + 6. Let v(r) = r**3 - 2*r**2 - 3*r + 8. Let o be v(2). Let q be ((-26)/10 + o)/((-8)/(-120)). Calculate h(q).
-3
Suppose 4*k - 4*o = -152, 0*k - 3*o = k + 38. Let t be k/(-12) - (-11)/(-66). Let j(v) = -v**3 + 5*v**3 - 6 - 5*v**2 - 5*v - 3*v**t. Calculate j(6).
0
Let i(h) be the second derivative of -h**6/240 + 7*h**5/120 - 15*h**4/4 - 43*h. Let s(z) be the third derivative of i(z). Determine s(5).
-8
Let w(m) = m + 7. Suppose -5*q - 18 = -3*q. Calculate w(q).
-2
Let n = 2782 + -2779. Let z(r) = -2*r - 1. Let o(g) = -11*g - 6. Let b(m) = -6*o(m) + 34*z(m). Give b(n).
-4
Let w(v) = -v + 9. Let d(q) = -10*q + 79. Let z(g) = 2*d(g) - 18*w(g). Determine z(9).
-22
Let q(s) = -s**3 - 4*s**2 + 3*s - 2. Suppose -6 = 2*x, 6*n + 5*x = n + 15. Suppose -n = 2*l, -5*l - 18 = 2*z + 7. What is q(z)?
8
Let b(o) = o**3 - 3*o**2 - 7*o + 1. Let v(j) = j**2 - 17*j + 18. Let k be v(16). Suppose -k*n - 3*h = -1, 5*n = -h + 6*h + 40. Give b(n).
16
Let m be 3/3*-1 + 1. Let x(c) = 9*c + 2 - c + m*c**2 + c**2 + 0. Suppose -9*w + 21 - 75 = 0. What is x(w)?
-10
Let v(b) be the third derivative of -b**5/60 + 3*b**4/8 - 8*b**3/3 - 132*b**2. Give v(7).
-2
Let r(v) = 14*v - 3*v - 6*v + 4 + 4*v**2 - 3*v + v**3. Determine r(-3).
7
Suppose -14 = -4*r + 10. Let a(x) = x**2 - 3*x - 16. Calculate a(r).
2
Let y(c) = c**3 - 10*c**2 + 4*c + 3. Let k(f) = -f**3 + 10*f**2 - 3*f - 4. Let b(g) = 6*k(g) + 7*y(g). Give b(9).
6
Let n(p) = -p**2 - 6*p - 3. Let m = -15 - -11. Give n(m).
5
Let z be 7 - 10 - (0 - 2). Let p(y) be the third derivative of y**4/4 - y**3/6 + 2*y**2 - 1. What is p(z)?
-7
Suppose -4*w - 13 + 33 = 0. Suppose w*s - 30 = 2*s. Let q be s/(-3)*12/8. Let t(k) = -2*k - 2. Give t(q).
8
Let t(b) = 2*b**3 + 3*b**2. Suppose -24*n - 43 - 5 = 0. Determine t(n).
-4
Let b(z) = -5 + 4*z + z - 6*z + 0*z. Let r be b(-8). Suppose -r*q - q + 8 = 0. Let c(w) = -w**3 + 3*w**2 - 2*w + 2. Determine c(q).
2
Let k(q) = 2*q + 1. Let c(v) = v**2 - 11*v - 1. Let b(z) = c(z) + 6*k(z). Calculate b(0).
5
Let f(x) = -x**2 + 2*x - 1. Let h(z) = z. Let o(k) = f(k) - h(k). What is o(0)?
-1
Let z = 248 + -260. Let d(c) = -3*c - 28. What is d(z)?
8
Let t(k) = -3*k**3 - 3*k**2 + 1. Let v be ((-7)/(70/12))/((-6)/45). Let c(q) = q**2 - 9*q - 2. Let g be c(v). What is t(g)?
13
Let t(l) = l**3 + 7*l**2 + l + 10. Let v = -8 - -1. Let f be t(v). Let s(o) = 6*o + 15 - 16 - f*o - o**2. Give s(2).
1
Let j be 4/(-14) - 465/(-35). Let t(p) = -p**2 + 12*p + 20. Determine t(j).
7
Let t(j) = -j**3 - 2*j**2 + 2*j. Let d(u) = 2*u**3 + 4*u**2 - 4*u - 1. Let s(x) = -3*d(x) - 5*t(x). Let m = -8 - -5. What is s(m)?
6
Let l(a) = -a**3 + 7*a**2 - 4*a - 6. Suppose 0 = -2*v + 8 + 4. Suppose -v - 24 = -5*u. Determine l(u).
6
Let w(v) = -3*v - 6*v - 10 + v**2 + 3*v - v. Let o(j) = 2*j - 56. Let a be o(32). Determine w(a).
-2
Let r(m) = -m - 21. Suppose 48*l - 65*l = 323. Give r(l).
-2
Let f(r) = 105 - 105 - r + 2076*r**2 - 2071*r**2. What is f(2)?
18
Let q(t) be the second derivative of t**4/12 + t**3/3 + 39*t. Give q(2).
8
Let z(v) = 4*v**2 + 2*v - 9. Let f(p) = 5*p**2 + p - 11. Let w(x) = -3*f(x) + 4*z(x). Calculate w(-7).
11
Let b(t) = -27*t + 181. Let y be b(7). Let d(p) = -p**3 - 9*p**2 - 9*p - 7. What is d(y)?
1
Suppose -3*q + 40 = 4*p + 13, 2*p = 5*q - 19. Let b(l) = l**2 - 4*l - 5. Give b(q).
0
Let i be ((-3)/9)/((21/18)/7). Let k(o) = -46 - o**3 - o**2 + 0*o + 45 + 2*o. Determine k(i).
-1
Suppose -487*w + 489*w = -4*c - 2, -3*c = 3*w + 9. Let s(u) be the first derivative of -5*u**2/2 - 3*u + 1. Calculate s(w).
22
Let m be (0 + (-4)/(-8))*-6. Let r(t) = 8*t**3 - 3*t**2 + 3*t + 1. Let i(c) = -8*c**3 + 4*c**2 - 4*c - 1. Let g(y) = m*r(y) - 2*i(y). Determine g(-1).
9
Suppose -3*g - 13 = -f, -48*g - 4*f + 31 = -53*g. Let u(v) = 0 - 5*v - 2*v**2 - v**3 - 1 + 4*v. Determine u(g).
11
Let r(o) = o**2 + 1. Let w(m) = -m**3 - 17*m**2 - 15*m - 9. Let n(i) = 2*r(i) + w(i). Let b be n(-14). Let j(x) = -x**2 + 7*x - 6. Give j(b).
-6
Let y(f) = -4*f + 34. Let s be (-2 + 0)*(4 + (-64)/8). Calculate y(s).
2
Let v(n) = 2*n + 17. Let l(a) = 6*a + 52. Let d(s) = 5*l(s) - 16*v(s). Let u(w) = -2*w - 13. Let p(h) = 3*d(h) - 2*u(h). What is p(-7)?
4
Let m(r) = -2*r**2 + 1. Let j(o) = 2*o**2 - 2*o + 2. Let z(g) = -j(g) + m(g). Let p be 6 - 2 - (2 - 0)